f 28466328?
2, 3, 11, 107827
List the prime factors of 6170534684.
2, 47, 883, 37171
List the prime factors of 69848464.
2, 7, 113, 5519
What are the prime factors of 52833179?
7, 347, 21751
What are the prime factors of 217871488?
2, 1702121
List the prime factors of 216535043.
216535043
What are the prime factors of 921109714?
2, 7, 107, 614893
List the prime factors of 1402604759.
14153, 99103
What are the prime factors of 170563709?
67, 2545727
List the prime factors of 22724685.
3, 5, 168331
List the prime factors of 261777909.
3, 1601, 54503
What are the prime factors of 3893597201?
13, 299507477
What are the prime factors of 2214389734?
2, 2953, 374939
List the prime factors of 262843616.
2, 7, 97, 12097
What are the prime factors of 129978250?
2, 5, 43, 107, 113
List the prime factors of 160932686.
2, 80466343
What are the prime factors of 619313341?
19, 23, 127, 11159
List the prime factors of 14600516.
2, 7, 521447
List the prime factors of 155969638.
2, 11, 7089529
List the prime factors of 4353853139.
59, 4691, 15731
What are the prime factors of 44889244?
2, 907, 12373
What are the prime factors of 42907334?
2, 47, 456461
List the prime factors of 77727710.
2, 5, 7772771
List the prime factors of 2332384041.
3, 13, 4600363
What are the prime factors of 472566905?
5, 47, 2010923
What are the prime factors of 1110226385?
5, 222045277
What are the prime factors of 157526307?
3, 601, 29123
What are the prime factors of 58724201?
58724201
What are the prime factors of 2608191997?
19, 137273263
List the prime factors of 55295409.
3, 13, 1417831
List the prime factors of 325097187.
3, 109, 994181
What are the prime factors of 5964427893?
3, 571, 821, 4241
What are the prime factors of 49009042?
2, 24504521
List the prime factors of 564922346.
2, 282461173
List the prime factors of 2396838732.
2, 3, 71, 2813191
What are the prime factors of 246333166?
2, 41, 3004063
What are the prime factors of 30169729?
137, 220217
What are the prime factors of 6964840079?
67, 277, 375281
List the prime factors of 33517894.
2, 16758947
List the prime factors of 75974478.
2, 3, 12662413
List the prime factors of 42637952.
2, 7, 23, 2069
List the prime factors of 47381539.
47381539
List the prime factors of 8835313.
8835313
What are the prime factors of 539901586?
2, 7, 23, 1676713
List the prime factors of 12375214.
2, 6187607
What are the prime factors of 41048328?
2, 3, 1710347
List the prime factors of 700519834.
2, 7, 31, 83, 19447
List the prime factors of 171833109.
3, 7, 1543, 5303
List the prime factors of 173261938.
2, 487, 177887
List the prime factors of 209749441.
11, 31, 615101
List the prime factors of 3484115409.
3, 1161371803
What are the prime factors of 2506602681?
3, 11, 31, 241, 3389
List the prime factors of 1510676549.
1510676549
What are the prime factors of 49658355?
3, 5, 1103519
List the prime factors of 30151539.
3, 11, 304561
What are the prime factors of 25241977?
29, 870413
What are the prime factors of 71027584?
2, 523, 1061
What are the prime factors of 40627246?
2, 11, 17, 23, 4723
List the prime factors of 3859758184.
2, 5827, 82799
What are the prime factors of 64612124?
2, 101, 159931
List the prime factors of 13370871.
3, 4456957
List the prime factors of 29966793.
3, 127, 78653
What are the prime factors of 577747497?
3, 19, 103, 98407
What are the prime factors of 230184480?
2, 3, 5, 337, 1423
List the prime factors of 511438757.
511438757
List the prime factors of 99319560.
2, 3, 5, 383, 2161
What are the prime factors of 91302000?
2, 3, 5, 15217
What are the prime factors of 161208213?
3, 389, 138139
What are the prime factors of 79383989?
79383989
What are the prime factors of 2567380486?
2, 11, 116699113
List the prime factors of 22214043.
3, 2468227
List the prime factors of 26127081.
3, 191, 15199
List the prime factors of 25188376.
2, 19, 165713
List the prime factors of 25999927.
79, 397, 829
What are the prime factors of 7031809?
1499, 4691
List the prime factors of 6496542379.
127, 2399, 21323
List the prime factors of 220396423.
13, 1721, 9851
List the prime factors of 64401858.
2, 3, 83, 14369
What are the prime factors of 120650895?
3, 5, 37, 233, 311
List the prime factors of 36796240.
2, 5, 13, 35381
List the prime factors of 93166050.
2, 3, 5, 53, 11719
List the prime factors of 1412186779.
43, 32841553
What are the prime factors of 2230970440?
2, 5, 3779, 14759
What are the prime factors of 1538919480?
2, 3, 5, 7, 261721
List the prime factors of 41926869.
3, 53, 83, 353
List the prime factors of 4345871698.
2, 7, 859, 361373
List the prime factors of 12425127.
3, 11, 13, 2633
What are the prime factors of 235329946?
2, 17, 163, 42463
What are the prime factors of 75885738?
2, 3, 83, 152381
List the prime factors of 1836812086.
2, 22859, 40177
List the prime factors of 40683034.
2, 7, 415133
List the prime factors of 2713082914.
2, 41, 397, 83341
List the prime factors of 1869116118.
2, 3, 41, 7598033
List the prime factors of 36003224.
2, 139, 32377
What are the prime factors of 63631381?
11, 5784671
What are the prime factors of 163328797?
137, 1192181
What are the prime factors of 979915755?
3, 5, 7, 13, 717887
List the prime factors of 2332625635.
5, 466525127
What are the prime factors of 71542847?
19, 73, 51581
What are the prime factors of 1339694083?
7, 13, 401, 36713
What are the prime factors of 43811145?
3, 5, 7, 37, 179
List the prime factors of 40467814.
2, 173, 116959
List the prime factors of 3236718379.
3236718379
List the prime factors of 1023646202.
2, 511823101
What are the prime factors of 1758131846?
2, 101, 8703623
List the prime factors of 326528056.
2, 23, 1774609
What are the prime factors of 97839954?
2, 3, 1811851
List the prime factors of 2042046658.
2, 29, 1777, 19813
What are the prime factors of 15466723?
397, 38959
List the prime factors of 1086605260.
2, 5, 13, 4179251
What are the prime factors of 1202747884?
2, 13, 23129767
What are the prime factors of 564806802?
2, 3, 7, 47, 359, 797
List the prime factors of 2337222322.
2, 17, 68741833
What are the prime factors of 5461061996?
2, 13, 67, 1567469
List the prime factors of 721137083.
269, 2680807
List the prime factors of 2247816149.
2247816149
List the prime factors of 34496928.
2, 3, 13309
What are the prime factors of 2448653996?
2, 612163499
What are the prime factors of 111195565?
5, 13, 1710701
What are the prime factors of 43119804?
2, 3, 7, 13, 5641
List the prime factors of 209157931.
8147, 25673
What are the prime factors of 796159146?
2, 3, 1871, 70921
List the prime factors of 230397288.
2, 3, 11, 773, 1129
List the prime factors of 45510843.
3, 7, 2167183
List the prime factors of 1441845016.
2, 180230627
List the prime factors of 76154975.
5, 13, 234323
What are the prime factors of 165424215?
3, 5, 11, 31, 32341
List the prime factors of 81978573.
3, 17, 109, 14747
What are the prime factors of 5723940246?
2, 3, 61, 15639181
List the prime factors of 745338453.
3, 5381, 46171
What are the prime factors of 4745509224?
2, 3, 23, 439, 19583
List the prime factors of 221499102.
2, 3, 11, 3356047
What are the prime factors of 685867660?
2, 5, 34293383
What are the prime factors of 32610222?
2, 3, 603893
What are the prime factors of 189969574?
2, 94984787
What are the prime factors of 2821909367?
233, 12111199
List the prime factors of 179415699.
3, 59805233
What are the prime factors of 20085200?
2, 5, 149, 337
What are the prime factors of 146764095?
3, 5, 1009, 9697
What are the prime factors of 32503124?
2, 8125781
List the prime factors of 342676298.
2, 4409, 38861
What are the prime factors of 68817885?
3, 5, 41, 149, 751
What are the prime factors of 519962627?
1499, 346873
List the prime factors of 21955693.
2131, 10303
What are the prime factors of 2607644493?
3, 19, 15249383
List the prime factors of 343646288.
2, 29, 359, 2063
What are the prime factors of 941438331?
3, 1171, 89329
List the prime factors of 35067915.
3, 5, 41, 83, 229
What are the prime factors of 41412089?
41412089
What are the prime factors of 45888378?
2, 3, 257, 29759
What are the prime factors of 818514471?
3, 19, 73, 229, 859
List the prime factors of 2707016498.
2, 14813, 91373
What are the prime factors of 6670881